 Let i(v) = -2*c(v) - 9*y(v). What is the units digit of i(-5)?
9
Let t(d) = 3*d**2 + d. Let c be t(-1). Suppose -m - c*z - z = -8, 3*z = -2*m + 19. What is the tens digit of m?
1
Let t be ((-3)/(-6))/((-2)/(-160)). Suppose 0 = 8*i - 3*i - t. What is the units digit of i?
8
Suppose k - 2 = 5*a - 2*a, 0 = -4*k + 5*a + 1. Let b(s) = -4*s**2 - 3*s - 1. Let m be b(-2). Let n = k - m. What is the units digit of n?
0
Suppose 2*w - 71 = 39. What is the units digit of w?
5
Let i be 4 + (2 - -2) + -2. Suppose 3*q - 6 = -3*v, 9 = 3*q - 0*v + 2*v. Let o = q + i. What is the tens digit of o?
1
What is the tens digit of 2/4*94 - -3?
5
Let w be (-3)/9 - (-16)/3. Suppose w*j - 3*d = 137, 0 = j - 4*d - 28 - 13. What is the units digit of j?
5
What is the tens digit of 5/(25/(-145))*(1 + -2)?
2
Let d(k) = 2*k**2 - 16*k + 14. Let n(o) = -o**2 + 8*o - 7. Let s(x) = 6*d(x) + 13*n(x). What is the units digit of s(6)?
5
Suppose 3 = -5*q - 7. What is the units digit of 6 - 2*(-1)/q?
5
Suppose -10 = -3*d - 5*m + 10, 3*m - 12 = 3*d. What is the units digit of (-2 + d)*1 + 5?
3
Suppose -4*k - 5*l + 4 = 0, 2*l - 4 = -12. What is the units digit of k?
6
Suppose -2*k + 335 = 5*l, 0 = 6*k - k. What is the tens digit of l?
6
Let k(d) = d**3 - 3*d**2 + 4*d - 1. Let z be -2 + 2/2*3. Let c = z + 2. What is the tens digit of k(c)?
1
Let i be ((-2)/(-6))/(2/48). Suppose -2*x - i = 5*j, 0 = -2*x - 0*j - j. What is the units digit of x?
1
Suppose -45 = -h - 2*h. What is the units digit of -1 + 3 + -1 + h?
6
Suppose 3*o - 166 = -4. Suppose 5 = -5*x + 3*j + o, -4*j = -8. What is the tens digit of x?
1
Suppose i + 3 = 6. Suppose -4*s + s + 34 = 4*h, -3*h + i*s + 36 = 0. What is the tens digit of h?
1
Let i = -179 + 317. What is the hundreds digit of i?
1
Let g(u) = u**3 + 9*u**2 + 7*u + 1. Let x(i) = i**2 + 4*i - 6. Let z be x(-6). Let o = z - 14. What is the units digit of g(o)?
9
What is the tens digit of (-3)/(63/(-402))*7?
3
Let u(r) = -7*r + 6. Let p be u(-3). Let w = 43 - p. What is the units digit of w?
6
Suppose 0 = -5*o - 3*m + 14, 6*m + 8 = 2*m. What is the units digit of (-6)/((-6)/(o + -1))?
3
Let j be (-1)/(-4) + (-14)/(-8). Suppose 106 = -5*y - j*a, 2*a = 2*y - 3*a + 25. Let x = y + 33. What is the units digit of x?
3
Suppose -3*i - 2*i = 30. What is the units digit of ((-4)/6)/(i/63)?
7
Suppose 0 = 5*v + 2*s - 159, -2*s = 4*v + s - 123. What is the units digit of v?
3
Let j = 18 + -10. What is the units digit of j?
8
Let f be (-7)/(35/(-15)) - (-5 - 1). Let x(h) = -3*h**2 + h**3 + h + h - 6*h**2. What is the units digit of x(f)?
8
Let p be -6 + (6/3)/(-2). Let o = p + 18. What is the tens digit of o?
1
Let m be (-1)/3*-2*3. Let j(x) = x**2 - 3*x + 2. Let w be j(m). Suppose -5*i + w*i + 36 = -v, 4 = v. What is the units digit of i?
8
Suppose -11*t = 2*t - 1326. What is the tens digit of t?
0
Suppose 0*f - 2*f - n = -31, n = -4*f + 63. Suppose -2*j = 2 - f. Let v = 11 - j. What is the units digit of v?
4
Suppose 3 + 9 = 4*u. Suppose -4*l - 50 = -u*d + l, -4*l = 16. What is the tens digit of d?
1
Let u = -10 + 92. What is the units digit of u?
2
Suppose 5*k = -3 + 18. Suppose 0 = 2*l - k*m - 26, -2*m - 1 = 3. Suppose 3*o - l = o. What is the units digit of o?
5
Let w be (-3)/2*70/(-21). Suppose -6 = -w*k + 24. What is the units digit of k?
6
Let y(b) = 2*b**2 - 2. What is the tens digit of y(5)?
4
Let y = -208 + 296. What is the tens digit of y?
8
Let y(t) = t**2 + 18*t + 27. What is the hundreds digit of y(-22)?
1
Let g(y) = 22*y + 6. Let l be g(7). Suppose 5*o - 5*w = l, w = 2*o + 4*w - 39. What is the tens digit of o?
2
Let b(y) = -y**3 - 3*y**2 - 4*y - 3. Let s = -21 + 18. What is the units digit of b(s)?
9
Let a = 11 + 137. What is the units digit of a?
8
Suppose -16*y = -8*y - 1040. What is the units digit of y?
0
Let p(s) = -47*s + 3. What is the tens digit of p(-2)?
9
Let n = 2 - 3. Let q = n - -1. Suppose h + q*h - 6 = 0. What is the units digit of h?
6
Let n = -154 + 97. Let x = n + 92. Let w = x + -20. What is the units digit of w?
5
Suppose -4*n + 14 = -3*w - 26, 0 = w - 4. Suppose 5*c + n = -5*o + 113, o = 4*c + 25. What is the units digit of o?
1
Suppose 5*k = -4*o + k + 140, 0 = 4*o + 2*k - 150. What is the tens digit of o?
4
Let h(j) = 3*j**2 - 3*j + 1. What is the units digit of h(1)?
1
Let d(c) = 2*c**3 - 2*c**2 - 2*c. Let p = -9 + 11. Let h be d(p). Suppose 6*g - h*g - 16 = 0. What is the units digit of g?
8
Let x(g) = 3*g**2 + 2*g + 3. Let a be (6/4)/((-3)/4). Let b be x(a). Suppose 3 = -4*s + b. What is the units digit of s?
2
Let o(r) = -r**2 - 6*r + 5. Let g be o(-6). Suppose g*d = -4*c + 10, 0 = d - 2 + 4. What is the units digit of c?
5
Suppose -3*a + 111 = 3*f, 3*f - 6*a = -4*a + 111. What is the units digit of f?
7
Suppose -5*n = 7*n - 3780. What is the units digit of n?
5
Let n(j) = -j**3 - 2*j**2 + 3*j - 1. Let s be n(-3). Let a be (2 - 0) + s + -2. Let x = 10 + a. What is the units digit of x?
9
Suppose 5*m = 51 + 164. Let n be 238/6 - 4/6. Suppose -m = -5*c + 2*g, 3*c = 2*g - 10 + n. What is the units digit of c?
7
Suppose 0 = 5*o - 5 - 95. Suppose f - 6*f = o. What is the tens digit of (-5)/f*(-7 - -19)?
1
Suppose -5*w = m + 3*m - 16, 4*m - 2*w = -12. Let c be (-1)/(-3)*m*-12. Suppose 0*o = 2*y + o - 18, -2*y + 24 = c*o. What is the units digit of y?
8
Suppose 0 = 5*j + 4*i - 22 + 2, 4 = j - 4*i. Suppose 2*k = 2*v + 12, 0*k + j*v - 16 = -k. What is the units digit of (k/10)/2*5?
2
Suppose 2*a - 1785 = -5*b, 5*a - 1273 - 138 = -4*b. What is the units digit of b?
9
Let j = 35 - 93. Let o = -34 - j. What is the units digit of o?
4
Let s = -9 + 8. Let k(y) = 10*y**2 + 2*y + 1. What is the units digit of k(s)?
9
Let g = -2 - -6. Suppose g*y + 35 = -y. Let f = 9 + y. What is the units digit of f?
2
Suppose 3*o - 78 = 132. Suppose -2*k + o = 2*z, 0*z = 3*z + k - 105. What is the tens digit of z?
3
Let p = -55 + 79. What is the tens digit of p?
2
Suppose -5*b + b + 4*s = -252, 4*b - 279 = -5*s. Suppose -5*j - 26 + b = 0. What is the units digit of j?
8
Suppose -2*l = -22 - 14. Let m = -10 + l. What is the units digit of m?
8
Let o = 82 + -48. Suppose -b - b = -o. What is the tens digit of b?
1
Suppose 135 = 4*u - 9*u. Let i = 41 + u. What is the units digit of i?
4
Let v be 34/6 - (-8)/(-12). Suppose 0 = -c + 6 + v. What is the units digit of c?
1
Suppose -2*u - 3*u = -165. What is the tens digit of u?
3
Suppose -d + 3*z + 98 = 0, 5*z = 2*d - 75 - 116. What is the tens digit of d?
8
Suppose 3*q + 37 = -17. Let n be (-66)/q - (-1)/3. Suppose 4*s - n = -0. What is the units digit of s?
1
Suppose -4*o = -4, -f = 2*f + 3*o - 12. Suppose -f*z = -0*z - 6. What is the units digit of z?
2
Suppose -f + t + 12 = -4, f - 13 = -2*t. What is the tens digit of f?
1
Let o(j) = 4*j - 4. Let n be o(-5). Let c = -13 - n. What is the tens digit of c?
1
Let q(u) = 6*u**2 - 11*u + 19. What is the tens digit of q(8)?
1
Suppose -1000 = 6*f - 11*f. What is the hundreds digit of f?
2
Suppose 0 = -2*o - 14 + 128. What is the units digit of o?
7
Let c be -3*6*4/8. Let s(q) = q**2 + 7*q - 7. What is the units digit of s(c)?
1
Suppose 3*d + 11 = 2*o, -4*o - 2*d + 12 + 34 = 0. What is the tens digit of o?
1
Suppose 240 = 4*z - 3*q - 32, q + 138 = 2*z. What is the units digit of z?
1
Let f(d) = 10*d**3 - d**2 + 2*d - 1. Let o = -4 - -7. Suppose o*y = -3*z - 1 + 16, y - 4 = 0. What is the units digit of f(z)?
0
Let y be 6/(-4)*(-56)/21. What is the units digit of 7 + 1 + y/(-2)?
6
Let v be (6/3 - -3) + 0. Let l = 8 - v. Suppose l*n - 3 = -0*n. What is the units digit of n?
1
Let i(s) be the third derivative of -s**4/12 - s**3/2 + 3*s**2. Let j be i(-2). Suppose 3*q - 23 = 2*d, -d + j = 5. What is the units digit of q?
5
Let n be (-12)/(-8)*(-8)/(-3). Suppose -2*c - 3*c = -20. Suppose 0 = -n*i - 4*g + 12, c + 4 = -2*g. What is the units digit of i?
7
Let r = 1 - -8. What is the tens digit of ((-6)/r)/((-2)/78)?
2
What is the units digit of (13/26)/((6/212)/3)?
3
Let g(y) = -y - 2. Let h be g(-4). Suppose 10 = m + 2*w, h = -w - w. What is the tens digit of m?
1
Let o = 8 + -6. Let c be ((-12)/(-2))/(3/o). Suppose -12 - 8 = -c*u. What is the units digit of u?
5
What is the units digit of ((-556)/6)/((-2)/3)?
9
Let l = -9 + 7. What is the tens digit of (-17)/(-1) + (l - -2)?
1
W